test common factor of 3371580 and 30?
30
Calculate the highest common divisor of 3430277 and 17.
17
Calculate the greatest common divisor of 2975 and 6000.
25
Calculate the highest common divisor of 1282 and 144866.
1282
What is the greatest common divisor of 934516 and 55?
11
Calculate the greatest common factor of 212200 and 20.
20
Calculate the greatest common divisor of 2580 and 6708.
516
Calculate the highest common factor of 165717 and 9.
9
Calculate the greatest common divisor of 1809053 and 43.
43
What is the greatest common factor of 146 and 1183768?
146
Calculate the highest common divisor of 106952 and 812.
116
Calculate the highest common divisor of 1286175 and 300.
75
Calculate the highest common divisor of 195185 and 9785.
515
What is the greatest common divisor of 1983 and 6504901?
661
What is the greatest common divisor of 38604 and 156?
12
What is the highest common factor of 157 and 289508?
157
Calculate the highest common factor of 2730 and 1592682.
546
What is the highest common factor of 188 and 1072?
4
Calculate the highest common divisor of 630 and 15390.
90
Calculate the greatest common divisor of 116874 and 144.
18
What is the greatest common factor of 4144 and 5040?
112
Calculate the greatest common divisor of 458 and 1876426.
458
What is the greatest common factor of 187840 and 320?
320
What is the greatest common divisor of 6714 and 11142?
18
Calculate the greatest common factor of 41906 and 368.
46
What is the highest common factor of 915 and 285?
15
Calculate the greatest common divisor of 529804 and 924.
44
What is the greatest common factor of 132 and 16148?
44
What is the highest common factor of 2405 and 119288?
481
Calculate the greatest common factor of 28 and 257243.
7
What is the highest common divisor of 108 and 274266?
54
What is the greatest common divisor of 118185 and 4?
1
Calculate the greatest common divisor of 46621 and 3197.
23
Calculate the highest common factor of 131615 and 165.
55
Calculate the highest common divisor of 720 and 42960.
240
Calculate the highest common divisor of 270 and 207846.
54
What is the highest common factor of 290748 and 12?
12
Calculate the greatest common divisor of 294 and 232113.
147
Calculate the greatest common factor of 49024 and 1664.
128
Calculate the greatest common factor of 53587 and 41.
41
What is the greatest common divisor of 115648 and 2158?
26
Calculate the highest common factor of 252 and 435240.
36
What is the highest common factor of 2704 and 83382?
26
Calculate the greatest common divisor of 1358284 and 596.
596
Calculate the highest common divisor of 1958 and 16376.
178
What is the highest common divisor of 55904 and 2528?
32
What is the greatest common factor of 1296 and 3834?
54
Calculate the greatest common divisor of 495 and 995.
5
Calculate the greatest common factor of 960 and 31800.
120
Calculate the highest common factor of 1718 and 88.
2
Calculate the greatest common divisor of 115524 and 108.
36
Calculate the greatest common factor of 182 and 212758.
182
What is the highest common divisor of 200 and 4088?
8
What is the greatest common divisor of 112 and 22757?
7
What is the greatest common divisor of 16416 and 99408?
912
What is the highest common factor of 57648 and 3120?
48
Calculate the highest common factor of 773429 and 53.
53
Calculate the greatest common divisor of 182919 and 69.
69
Calculate the highest common divisor of 1412 and 4.
4
What is the highest common factor of 9538 and 52710?
502
What is the highest common divisor of 52475 and 25?
25
Calculate the highest common factor of 21 and 673239.
21
What is the highest common divisor of 100 and 38900?
100
What is the greatest common factor of 405917 and 1?
1
Calculate the highest common divisor of 14430 and 234.
78
What is the highest common divisor of 305797 and 177?
59
Calculate the highest common divisor of 2384 and 34866.
298
Calculate the greatest common factor of 2870 and 18270.
70
Calculate the highest common factor of 6614545 and 235.
235
What is the greatest common divisor of 1425 and 2402550?
1425
Calculate the highest common divisor of 125419 and 1380.
23
What is the highest common divisor of 247194 and 3544?
886
What is the greatest common divisor of 5586 and 69027?
399
What is the highest common divisor of 52 and 27638?
26
What is the highest common divisor of 93826 and 86?
86
What is the highest common factor of 39772 and 17604?
652
Calculate the highest common divisor of 97378 and 2690.
538
Calculate the highest common divisor of 81035 and 95.
95
What is the greatest common divisor of 352 and 35712?
32
Calculate the greatest common divisor of 5721456 and 11245.
2249
What is the highest common factor of 906 and 433974?
906
What is the greatest common divisor of 72780 and 540?
60
Calculate the highest common divisor of 42526 and 154.
22
Calculate the greatest common factor of 2277 and 8901.
207
What is the highest common factor of 254380 and 9401?
553
Calculate the highest common divisor of 231 and 148071.
231
What is the highest common factor of 17612 and 25789?
629
Calculate the highest common divisor of 24 and 7402.
2
What is the greatest common factor of 194 and 314086?
194
What is the highest common divisor of 14041 and 95?
19
Calculate the greatest common factor of 20676 and 348.
12
Calculate the greatest common divisor of 792 and 29007.
99
What is the greatest common factor of 4237 and 380?
19
What is the greatest common divisor of 210 and 2737?
7
What is the highest common divisor of 40 and 10408?
8
Calculate the greatest common divisor of 36567 and 45.
9
What is the greatest common divisor of 16049 and 3520?
11
What is the highest common divisor of 4225 and 113425?
325
What is the highest common factor of 358 and 554542?
358
What is the highest common divisor of 195 and 2756?
13
Calculate the highest common factor of 5661 and 150331.
629
Calculate the greatest common divisor of 606 and 2467733.
101
Calculate the highest common factor of 29 and 6299032.
29
What is the greatest common factor of 406 and 14819?
203
Calculate the highest common divisor of 59676 and 36.
12
Calculate the greatest common divisor of 524 and 7437918.
262
Calculate the greatest common divisor of 470 and 405300.
10
What is the greatest common divisor of 26093 and 7857?
97
What is the highest common divisor of 2263 and 730?
73
What is the highest common factor of 341 and 5487?
31
What is the highest common divisor of 29 and 12435287?
29
What is the greatest common divisor of 2360 and 232?
8
What is the greatest common factor of 260 and 90935?
65
What is the highest common factor of 1864 and 19339?
233
What is the highest common divisor of 238783 and 73?
73
Calculate the greatest common factor of 1111358 and 85.
17
Calculate the highest common divisor of 1860698 and 2030.
406
What is the highest common factor of 1029276 and 9?
9
What is the highest common factor of 2937 and 759?
33
What is the greatest common factor of 223 and 770911?
223
What is the greatest common divisor of 298069 and 127?
127
Calculate the highest common divisor of 1112 and 2104.
8
What is the greatest common factor of 32 and 3756?
4
What is the highest common divisor of 58408 and 45374?
98
What is the greatest common factor of 12910 and 70?
10
What is the highest common divisor of 41 and 4387?
41
What is the greatest common divisor of 5324 and 1364?
44
What is the greatest common factor of 25637 and 186?
31
Calculate the highest common divisor of 8 and 54588.
4
Calculate the highest common divisor of 476 and 140.
28
What is the highest common divisor of 12276 and 108?
36
What is the highest common factor of 36 and 7464?
12
What is the greatest common factor of 174792 and 36?
12
What is the highest common divisor of 8056 and 42983?
53
Calculate the greatest common divisor of 3599310 and 33.
33
Calculate the highest common factor of 16290 and 270.
90
Calculate the greatest common factor of 576 and 423.
9
Calculate the highest common divisor of 2002 and 2912.
182
What is the highest common factor of 98 and 42287?
49
What is the highest common divisor of 425 and 12002?
17
What is the highest common divisor of 255 and 1938?
51
What is the greatest common factor of 9089 and 10309?
61
Calculate the greatest common divis